te -41 - (-201 - (10 - 41)).
129
Evaluate (52 - -33 - (24 + -29)) + (25 - 7).
108
Calculate 4 + -7 - (-3 - -2) - (-6 - 2) - 28.
-22
What is 6 + -38 + (4 - (3 + -1)) + 6?
-24
Calculate -11 + 4 + (-4 - -11) + -7 + -11.
-18
Evaluate (1 - (2 + -2 + 6)) + 6 + 54 + -18.
37
Calculate -3 + -23 - (-5799 - -5774).
-1
What is 17 + (9 - (21 + -40))?
45
Evaluate (31 - 8) + -7 + -48 + 63.
31
-32 + -2 + 3 + -4 + -2 + 13 + -1
-25
(-5 + (13 - 24) - 49) + 16
-49
Evaluate 0 + 11 + -24 + -5 + -3 + -9.
-30
Evaluate 2492 + -2366 + 15 + (-5 - -2).
138
7 + -2 + -70 + (-28 + 6 + 0 - -30)
-57
Evaluate 133 + ((-19 - (-11 - 19)) + -31 - -12).
125
2 + 148 + -109 + (-9 - 2)
30
Evaluate 72 - (-9 - 2) - (-33 - -50).
66
What is the value of 77 + (85 + -107 - 18)?
37
Evaluate 9 + 18 + -110 + (27 - -8).
-48
Evaluate 14 + (-14 - ((-52 - -23) + 140 - (6 + -4))).
-109
What is 0 + -1 + 2 - (1134 - 1108)?
-25
-4 + -4 + -14 + (-10 - -59) + 7
34
Calculate 17 + (83 - 38) + (0 - -6) + -7 + -14.
47
What is -7 + (-23 + -100 + 28 - -20)?
-82
What is the value of 20 - (-51 + (55 - 10))?
26
What is the value of 87 - (1186 + -1185 - (31 - 0))?
117
Evaluate 91 + 15 - (558 - 378).
-74
Calculate 38 + (-1 - ((-2 - -15) + -7)) + 3.
34
What is the value of 77 - 59 - 17 - 59?
-58
Evaluate -147 + (14 - (-40 - 16) - 43).
-120
What is the value of (43 - (12 - 6)) + (-78 - -69) + 14 + 1?
43
What is -11 + (2 + 0 - (218 + -230))?
3
What is -59 + 117 - (41 - -4)?
13
Calculate (-3 - -20) + -3 + 3 + (573 - 529).
61
Evaluate (-14 - 0 - (-724 + 698) - (26 + -1)) + 42.
29
Evaluate -59 - (-7 - -2) - (-12 + (-1 - (7 + -17))).
-51
1 + 95 - (-7272 - -7467)
-99
(-10 - 100) + 0 - (-72 + 50)
-88
8 + -15 - (-7 - (-2 + 10 + -8)) - -26
26
What is -3 + 2 + (-1 - (12 + 2)) + (7190 - 7194)?
-20
What is -23 - (59 + 56 + -2 + -37)?
-99
Calculate 65 - (-47 - (-86 + 44)).
70
What is the value of -9 + (69 + 5 - 4) + (-8 - -9) + 1?
63
What is the value of 77 + 5 - (6 + -20 + (-10 - -29))?
77
(-2 - ((8 - 15) + 9)) + (21 - 29) + 72
60
What is the value of 12 + -41 + 30 - 42?
-41
Evaluate -6 - -10 - 6 - (-5 + (0 - -16)).
-13
What is -39 + -6 + 50 + -34 + 121?
92
(-338 - -343) + (1 - -1 - (19 + -23))
11
What is (-2 - (-5 - 3)) + 5 + (16 - 114) + -3?
-90
What is -69 + (2 - (2 - (1 + -10) - 30))?
-48
What is the value of -1 - -8 - ((42 - 144) + 105)?
4
What is the value of (1 - 12) + (-18 - (39 - 13))?
-55
(71 - 66) + (-12 - -5 - (-6 + 3))
1
What is the value of -1 - -1 - (52 - (14 - 2))?
-40
What is 163 + -144 + 5 + -9 + 5?
20
What is -7 - -1 - 18 - (14 - (17 + -22))?
-43
(0 - -3) + 9 + (13 - (15 + -7))
17
What is the value of (2 - 93) + 41 + (59 - 67 - 35)?
-93
What is the value of (-1256 - -1241) + (-40 - (0 + 3 + -5))?
-53
What is the value of 78 - (16 + -13 + -17 + 4)?
88
Evaluate -14 + 1 - ((42 - 13) + 12 + -26).
-28
What is the value of 248 + 112 + -113 - 145?
102
5 - (4 + -24) - ((6 - -23) + -16)
12
15 + 4 - 16 - 27 - -75
51
0 - -58 - (-1759 - -1763)
54
What is the value of -69 + -53 + 23 + 43?
-56
Calculate 54 - (14 + 36 + 5).
-1
Evaluate -6 + (-42 - -17) + -9 + 24.
-16
What is the value of -214 - -143 - (-2 - 64)?
-5
What is the value of 36 + 46 - 44 - 97?
-59
Evaluate 4333 + -4458 + (0 - -162).
37
What is -10 + 2 - 3 - (11 + 69 + -6 + -2)?
-83
-16 + (-1 + -1 - 45 - (4103 - 4092))
-74
Calculate 25 - (44 - -57 - (-14 - -19)).
-71
88 - (40 + (-110 - -67) - (0 + -15))
76
What is the value of -9 - 21 - (-98 - (-25 - 47))?
-4
-1 + -43 + -15 + (-6 - (-1 - 14) - -2)
-48
-71 - (-36 - (-55 + 82))
-8
What is -29 - -5 - (713 + -747)?
10
What is (26 + -98 - -29) + 208 + -42?
123
What is -747 + 724 + -1 + 54 + 6?
36
What is the value of (102 + (-7 - 2) - -2) + (3 - 23)?
75
Evaluate (-28 + 122 - 30) + -100.
-36
Evaluate (54 - 38) + -44 - 6.
-34
-5 + 100 + (6 - (110 - 128))
119
What is the value of 4 + 1 - (12 + -9 + (-38 - -11))?
29
-11 + (9 - (11 + -10)) + -5 - -11
3
Calculate -105 + 120 + -1 + -35 + -50.
-71
27 + 21 + -12 + -28 + (1 - -20)
29
What is (-10 + 8 - -10) + 50 - (-27 + 33)?
52
8 - (-15 - (-73 - -47))
-3
Calculate 53 - -4 - ((1 + -8 - -15) + 2).
47
35 + -4 + (12 - 76) + 93
60
What is 82 - (110 - (12 + 52))?
36
What is the value of (1 + -18 - -1) + (6056 - 6049)?
-9
What is -174 + (-87 - (37 + -170))?
-128
Evaluate -12 - (-10 + 5 + (-48 - (-14 - -9))).
36
(-29 - -6) + 3 - -43 - -8
31
(62 + 4 - (-10 + (14 - 1))) + -13
50
What is the value of (52 - 67 - -45) + -60?
-30
40 + 2 + -1 + -5 + 3 + -43 + 44
40
Evaluate -22 - -11 - 4 - (-38 + 1 + 10).
12
What is the value of -758 + 767 + -2 + (-43 - -3) + 0?
-33
What is the value of (-3 - (30 + -6)) + -390 + 376?
-41
Evaluate -45 + -8 - ((-30 - 22) + 31).
-32
What is the value of (-50 - (6 - 31)) + 63?
38
13 + -15 + -82 + 79
-5
What is the value of (78 - 122) + (90 - 0)?
46
Calculate 27 + 0 + (1 + 1 - (-47 + 48 + -10)).
38
What is (18 - 6) + (-2342 - -2406)?
76
What is the value of -10 + (-2 - ((4 - -6) + (11 - 16)))?
-17
Calculate -61 - -23 - (-102 + 82).
-18
Evaluate (0 - -32) + 4158 + -4155.
35
Calculate 15 - (34 + (45 - 98)).
34
Calculate 31 + -32 + 9 + 2 + 47.
57
Calculate -8 - (0 + 1 + -9 + (-35 - -12)).
23
Calculate -21 - (-12 + 12 - (25 + -7)).
-3
Calculate 6 + (12 - 27) + 30 + -7.
14
Evaluate -9460 + 9526 - (122 + -1).
-55
What is -117 + 132 + ((3 - (9 + -6)) + 57 - -5)?
77
What is 8 - (25 + -35 + 85)?
-67
What is -66 - (55 + -74 + -89)?
42
Evaluate 8 - (-3 + 0 - -2 - (142 + -125)) - -7.
33
What is the value of -1 - (-2 + 117) - (-108 + 101)?
-109
Evaluate -111 + -23 + 51 + 0 + -17.
-100
(-145 - -184) + 0 + -33
6
What is -29 + (12 - (172 + -85))?
-104
What is -5 + (0 - -4) - (0 + 5 - (168 - 191))?
-29
What is the value of (21 - -1 - -1) + 58 + (3 - 50 - 3)?
31
What is the value of 19 + -51 + (-9 + 17 - -21)?
-3
(47 - -18) + (-5 - (-11 + 0) - -1)
72
What is 5 + (33 + -26 - -36 - (-11 - 0)) - -7?
66
Evaluate -44 + 8 - (-36 + -7).
7
Evaluate (0 - -16 - 1) + 35 + (-18 - 42) + 25.
15
What is the value of 6 + 21 + (-7 - (8 - -10))?
2
What is -2 - ((21 - 36) + 3) - 26 - 14?
-30
12 + 1 + -6 - (-58 + (-10 - -10 - -13))
52
What is the value of -19 + 10 + 267 + -176?
82
What is (-12 - -1 - (-1168 + 1145)) + 25?
37
What is the value of -46 + 20 + 6 + -6 + -21?
-47
What is the value of -9 + 1 + -2 - (20524 + -20529)?
-5
27 - (31 - ((-20 - -14) + 25)) - -47
62
41 + -2 - (39 - 17) - 14
3
Evaluate -9 + 0 - (75 - 91) - (-225 - -236).
-4
Evaluate (23 - (-6 - -71)) + 9 + 106.
73
-2342 - -2359 - (1 + -1 + -22)
39
80 - (-28 + (-42 - -87) - 18)
81
(13 - (-43 + 45)) + -43 + 145
113
123 - (-101 - (11 + -117) - (-5 - -1))
114
-96 + -14 + 6 + -11 + (-18 - -18) + 26
-89
What is 5 + 0 - 2 - (4 + -101) - (-85 + 88)?
97
Evaluate 51 - (4 + -27 + -150 + 186).
38
What is -34 - -25 - (-294 + 388)?
-103
Calculate 1141 + -1082 + (-3 + 2 - -9 - (-3 - 0)).
70
11 - (8 - (13 + -21 - -5))
0
Evaluate (-49 - 0) + -259 + (166 - -88).
-54
What is the value of -68 - -102 - 54 - (1 + 6)?
-27
What is (-2 - -5) + (-68 - (13 - -2 - 4 - 19))?
-57
1 + 62 - 59 - 103
-99
Calculate -70 + -4 - (-5 - (2 + -13 + 4 + 1)).
-75
Evaluate 28 + (11 - (20 - -2)).
17
What is (-5 + -16 - 18 - -60) + 102?
123
What is -9 + (-8 - (4 - 11) - -16 - (-35 - 14))?
55
-6 - (21 - 17) - (-12 - -63 - (-1 + -6))
-68
17 - -154 - (126 + -11)
56
(14 + (-8 - 11) - (1 + -1)) + -36
-41
58 + (-14 - -13) + -58
-1
Evaluate (1 - 22) + (30 + 13 - 78).
-56
Calculate 248 - 296 - (-1 - 20) - (5 - 8).
-24
Calculate 15 - ((-7 - -1) + -24 + (21 - -24) + -19).
19
(40 - 29 - 12 - 140) + 32
-109
What is 11 + -5 - (1 + 2) - (128 + -198)?
73
Evaluate 50 - 82 - 33 - -64.
-1
Calculate -53 - (-57 + (-20 - -65)).
-41
Evaluate (-22 - (45 + -79)) + (-4 + -1 - 7) - -89.
89
What is (-11 - (-55 + 47)) + (-1 + -1 - -5)?
0
Calculate -79 - (174 - 8 - 137).
-108
-162 + 162 + 2 + -46
-44
What is 12 - ((46 - 40) + -14) - 107?
-87
What is the value of (-32 - -18) + 4 + 1 - (-2 + (1 - -2))?
-10
Calculate (6 - 13 - (-42 + 63)) + 87.
59
Evaluate 4 + -4 - 2 - (-19 + 82 + -29 - -35).
-71
Evaluate 415 - 395 - (2 - -79).
-61
Calculate 57 + -149 + 57 + 17 + -2.
-20
What is -2 + -1 + (-39 - 3) - (-28 + 16 + 15)?
-48
What is 49 - -1 - (-54 + 117 - 37)?
24
What is the value of -5 - -33 - (144 + -113)?
-3
What is the value of 84 + (30 - 22) + (9 - 39) + 8 + 0?
70
What is the value of -43 + 25 + (8 + 4 